 -9*j**2 + 259*j - 22. What is the remainder when 533 is divided by m(28)?
11
Let m = -114 + 497. Let p = m - 299. What is the remainder when p is divided by 7?
0
Suppose 2*a + 3425 = t + 3393, -5*t = -a - 106. Let k = -222 - -540. Suppose -k = -4*q - g, 314 = 4*q - 0*g - g. Calculate the remainder when q is divided by t.
19
Suppose x - 35 = -3. Let z(u) = -946*u - 3775. Calculate the remainder when x is divided by z(-4).
5
Let n = -4795 - -4803. Calculate the remainder when 817 is divided by n.
1
Suppose -3*h = h - 368. Let a(n) = -18*n - 755. Let w be a(-39). Let r = w + h. What is the remainder when 152 is divided by r?
35
Let b = -267 + 712. Let i = b - 205. Calculate the remainder when i is divided by 11.
9
Suppose 5*y - f - 43 = 0, 5*y - f + 4*f - 31 = 0. Let n = -3 + 6. Suppose -n*l + 3*q + 105 = 24, 0 = -2*q + 2. What is the remainder when l is divided by y?
4
Let w(v) be the second derivative of 2*v**3/3 - 5*v**2/2 - 2*v. Let i = -5008 - -5038. What is the remainder when i is divided by w(4)?
8
Suppose -7*m - 222 = -m. What is the remainder when (m/(-74))/(2/204) is divided by 11?
7
Let g(q) = 75*q - 5134. Calculate the remainder when g(94) is divided by 24.
20
Calculate the remainder when 593 is divided by 31/124 - 390/(-8).
5
Let q(g) = -g + 14. What is the remainder when q(5) is divided by ((-3)/12 + (-240)/64)*-1?
1
Suppose -14*x - 304 = -16*x. Suppose 0*d - x = -2*d. What is the remainder when d is divided by 18?
4
Let f = -34 + 38. Suppose f*t + 188 = -5*g, 4*g + 67 + 71 = 3*t. Calculate the remainder when 34 is divided by 1/(-4 - 148/g).
7
Suppose 3*x + 4*w - 214 = 0, 5*w - 26 = -x + 27. Let n = -51 + 120. Suppose -4*m + 4*r + 31 = -n, 4*m = 2*r + 90. What is the remainder when x is divided by m?
18
Suppose -19*x = -685 - 1633. What is the remainder when 274 is divided by x?
30
Let a = 44 - 5. Calculate the remainder when (26176/704 - 37) + 856/11 is divided by a.
0
Let a = -2982 + 2994. Calculate the remainder when 1665 is divided by a.
9
Let d = -522 + 521. What is the remainder when (-4)/((d*3/(-54))/(-1)) is divided by 5?
2
Let m be 2/(-2)*(-391)/23. Let a(u) = u - 17. Let c be a(m). What is the remainder when 4431/35 - (4/(-10) + c) is divided by 26?
23
Calculate the remainder when (-99688)/(-40) - -8 - (-6)/(-5) is divided by 833.
0
Calculate the remainder when 441 is divided by (-468)/(-6) + (-18)/(-2 + 8).
66
Let u = 48 - 159. Let b = -85 - u. Suppose -5*w = -2*f - 14, -3*f + f + 10 = w. Calculate the remainder when b is divided by f.
2
Calculate the remainder when 9932 is divided by (-4 - (3 - 18)) + 16.
23
What is the remainder when 100/(-10) + 7 + -6 + 604 is divided by 93?
37
Let b(z) = 10*z - 2. Let n be b(12). Let j = n + -109. What is the remainder when 23 is divided by j?
5
Suppose 4*o - 4626 = 2*f, -3*o - 4*f + 2026 = -1482. What is the remainder when o is divided by 577?
6
What is the remainder when 1128 is divided by ((-9)/12)/((-39)/884)?
6
Let t(c) = 318*c - 5126. Calculate the remainder when t(17) is divided by 138.
4
Suppose -l + 196 = 3*l. Suppose -2*f = -16, -309*c = -314*c - f - f + 106. Calculate the remainder when l is divided by c.
13
Suppose -4*b = 3*t + 3, 0 = -2*b + 3*b + 3*t + 12. Suppose -17 = a + a - 5*x, 4*a - b*x = -13. Calculate the remainder when 96 is divided by 4 + 1 + 8 - a.
12
Let f = 200 + -103. Let m = 101 - f. Suppose 0 = 5*l - 2*y + 4*y - 171, m*y = -5*l + 167. What is the remainder when l is divided by 10?
5
Suppose -a = -4*s + 2394, 1204 + 599 = 3*s + 3*a. Let p = -581 + s. What is the remainder when (-3)/(-6) + (-141)/(-2) is divided by p?
17
Suppose -a + 23345 = -4*c, 14516 + 3009 = -3*c + 4*a. Calculate the remainder when 10/35 - 7/(245/c) is divided by 57.
53
Let f(q) = -q**3 + 7*q**2 + 7*q + 9. Let n be f(9). Let z = n + 110. Calculate the remainder when 158 is divided by z.
18
Let q(n) = 29*n**3 + 3*n**2 - 52*n + 153. Calculate the remainder when q(3) is divided by 83.
60
Let q(f) = 2*f**2 + 19*f - 4. Let k be q(-10). Suppose 2*y = y + k. Let s(a) = a**3 - 6*a**2 + 5*a - 8. Calculate the remainder when s(y) is divided by 6.
4
Let j(b) be the third derivative of b**5/30 - 35*b**4/24 + 24*b**3 - 7*b**2 - 7*b. What is the remainder when j(4) is divided by 5?
1
Suppose -1722 = -27*n + 168. Calculate the remainder when 349 is divided by n.
69
Suppose -2*o + 727 = -3*c + 55, -2*c = 3*o - 982. What is the remainder when o is divided by 2?
0
Let b = -47 - -63. Suppose -b*o + 1636 = -348. Calculate the remainder when o is divided by 25.
24
Suppose 76*t = 163*t - 11919. What is the remainder when 968 is divided by t?
9
Let d = 43563 + -42310. Calculate the remainder when d is divided by 179.
0
Suppose 5963 = -7*i + 16246. Calculate the remainder when i is divided by 70.
69
Let m(v) = v**2 + 7*v - 37. Suppose -16*g + 33 = -r - 12*g, -r = g + 8. Calculate the remainder when 150 is divided by m(r).
27
Let u = -173 + 231. What is the remainder when u is divided by -4*(-4)/(64/108)?
4
Suppose p + 4*r = 32, -7*r = 5*p - 2*r - 160. Suppose 463 = 52*a - 135 + 130. What is the remainder when p is divided by a?
5
Calculate the remainder when (10116/972*9)/(1 - 2/3) is divided by 50.
31
Suppose -f + 4 = 3*t, 3*f + 30 = -29*t + 34*t. Let u be -2 + 5 - (1 - 13). Let n = 30 - u. What is the remainder when n is divided by t?
0
Let r be (7/21)/(2/6) + 101. Let f = -86 + r. What is the remainder when 4/(-3)*(-78)/4 is divided by f?
10
Let v = 27206 - 26629. Calculate the remainder when v is divided by 145.
142
Let s(f) = -11*f + 0*f**2 + 3288 - f**2 - 3252. What is the remainder when 135 is divided by s(-7)?
7
Let q = 2879 - 2741. Let b(x) = x**3 - 11*x**2 - 9*x + 2. What is the remainder when q is divided by b(12)?
24
Let s(h) = -12*h + 16. Let y(o) = -9*o + 263. Let a be y(30). Calculate the remainder when s(a) is divided by 23.
8
Let i(p) = -1859*p + 13033. What is the remainder when 605 is divided by i(7)?
5
Let m = 11148 - 11138. What is the remainder when 2437 is divided by m?
7
What is the remainder when 8/(-14)*-2901 - (-82)/287 is divided by 3?
2
Let k(d) = -d**3 + 8*d**2 + 54*d - 56. Calculate the remainder when 679 is divided by k(12).
7
Suppose 0*x - 6*x = -4026. Let j = -446 + x. Suppose -5*q + j = 5*k, -q = 7*k - 3*k - 36. Calculate the remainder when q is divided by 10.
8
Suppose 13*l = 16*l + 15. Calculate the remainder when ((325/(-10))/l - 2)*12 is divided by 29.
25
Let a(h) = 17*h**2 - 72*h - 338. What is the remainder when a(-5) is divided by 156?
135
Let w be (4/(-15))/(-2) - 406/(-105). Suppose -w*v = -210 - 278. What is the remainder when v is divided by 9?
5
Let r = 5588 + -4737. Calculate the remainder when r is divided by 14.
11
Let v = 311 - 149. Let n(r) = r**2 - 6*r - 9. What is the remainder when v is divided by n(11)?
24
Let l = 427 + -433. What is the remainder when (460/28 - l/14)*7 is divided by (-2)/(-2)*-11*-1?
8
What is the remainder when (2/2)/((-1)/(-2) - 45232/90528) is divided by 16?
13
Calculate the remainder when (-25101)/(-36) - ((-68)/(-16) + (-8)/2) is divided by 32.
25
Let s be (-4 + 6)*(-6)/(-4). Suppose 29 = 2*m + s*h, -5 = -2*m + 3*h + 2*h. Let c = -42352 + 42361. What is the remainder when m is divided by c?
1
Let r = -38 - -46. Suppose q = -5*d + 4*d + 1, 4*q = 0. Calculate the remainder when (1/2*d)/(5/470) is divided by r.
7
Suppose -11 - 52 = 7*g. Let z be (10/((-60)/g))/((-1)/6). Let l = z - -19. Calculate the remainder when 18 is divided by l.
8
Suppose 88*n = 54 - 111 + 673. What is the remainder when 1003 is divided by n?
2
Let n = -909 + 959. Let p = 3 + 8. Let k(m) = 2*m**2 + 6*m - 11. What is the remainder when k(p) is divided by n?
47
Suppose k = 7 - 5, 4*y - 90 = -k. Suppose -5*x = 2*f - 29, -2*f = 3*x - 5*x - y. Calculate the remainder when 18 - (6 + -3)/(-3) is divided by f.
7
Suppose -9593 = -2*z - 7545. What is the remainder when z is divided by 75?
49
Let v be 1/((-2)/((-94)/1)). Let p = -44 + v. Suppose p*a = a + 28. Calculate the remainder when a is divided by 4.
2
Suppose -15*g = 1116 - 4401. Calculate the remainder when g is divided by 8/(-4)*(-1)/(-2) + 45.
43
Let l(y) = 9*y + 13. Let v = -66 + 53. Let s be l(v). Calculate the remainder when 25 is divided by ((3/6)/1)/((-4)/s).
12
Let i(r) = 88*r - 211. Let g be i(3). Supp